3, 17, 935443
What are the prime factors of 33081421?
1021, 32401
List the prime factors of 313555130.
2, 5, 7, 271, 16529
What are the prime factors of 72239699?
7, 43, 239999
List the prime factors of 67947640.
2, 5, 17, 99923
What are the prime factors of 1994974233?
3, 7, 107, 887839
List the prime factors of 1393465229.
13, 223, 229, 2099
What are the prime factors of 3551566?
2, 1775783
List the prime factors of 89495640.
2, 3, 5, 13, 1471
List the prime factors of 34181007.
3, 7, 37, 43991
List the prime factors of 3624925.
5, 61, 2377
List the prime factors of 5516061.
3, 19, 29, 47, 71
What are the prime factors of 57183953?
157, 457, 797
List the prime factors of 7937407590.
2, 3, 5, 7, 29, 67, 397
List the prime factors of 63302976.
2, 3, 11, 97, 103
What are the prime factors of 3840165040?
2, 5, 127, 599, 631
List the prime factors of 1903926336.
2, 3, 13, 762791
What are the prime factors of 2368014683?
2368014683
List the prime factors of 169254813.
3, 7, 13, 619981
What are the prime factors of 192466500?
2, 3, 5, 128311
List the prime factors of 400798804.
2, 7, 14314243
What are the prime factors of 236070638?
2, 118035319
List the prime factors of 7097755.
5, 7, 17, 79, 151
What are the prime factors of 200925865?
5, 7, 101, 113, 503
What are the prime factors of 4778518629?
3, 3581, 444803
What are the prime factors of 11151967?
89, 125303
List the prime factors of 5372979788.
2, 11, 1709, 71453
What are the prime factors of 812735085?
3, 5, 107, 139, 3643
List the prime factors of 278122037.
278122037
What are the prime factors of 11470280?
2, 5, 139, 2063
List the prime factors of 1324152416.
2, 41379763
What are the prime factors of 473708970?
2, 3, 5, 7, 163, 659
List the prime factors of 3255656552.
2, 173, 2352353
List the prime factors of 75862932.
2, 3, 71, 89041
List the prime factors of 1502025679.
7, 11, 19506827
What are the prime factors of 1462924803?
3, 97, 5027233
List the prime factors of 109854808.
2, 7, 19, 23, 67
What are the prime factors of 93030662?
2, 1327, 35053
What are the prime factors of 1058133075?
3, 5, 31, 53, 277
What are the prime factors of 11960650?
2, 5, 13, 18401
What are the prime factors of 2756825390?
2, 5, 11, 919, 27271
List the prime factors of 3907556135.
5, 7, 23, 29, 59, 2837
List the prime factors of 26709471.
3, 113, 26263
List the prime factors of 139294083.
3, 113, 193, 2129
What are the prime factors of 50101789?
71, 311, 2269
What are the prime factors of 165981408?
2, 3, 37, 83, 563
List the prime factors of 1247775607.
13, 1439, 66701
List the prime factors of 1766548287.
3, 7, 28040449
List the prime factors of 166558663.
23, 619, 11699
List the prime factors of 114157176.
2, 3, 7, 17, 39971
List the prime factors of 272229109.
17, 149, 107473
What are the prime factors of 16986749?
13, 59, 22147
What are the prime factors of 142414410?
2, 3, 5, 757, 6271
What are the prime factors of 655304126?
2, 29, 11298347
What are the prime factors of 48191541?
3, 16063847
List the prime factors of 326037684.
2, 3, 7, 47, 269, 307
List the prime factors of 144928788.
2, 3, 12077399
What are the prime factors of 608857585?
5, 7, 41, 1237
List the prime factors of 320558697.
3, 577, 61729
List the prime factors of 41348941.
41348941
List the prime factors of 8893633.
7, 29, 193, 227
What are the prime factors of 688663703?
7, 13, 1531, 4943
What are the prime factors of 431426186?
2, 7433, 29021
List the prime factors of 2429828649.
3, 17, 43, 369331
List the prime factors of 482323627.
2851, 169177
What are the prime factors of 896277119?
4493, 199483
List the prime factors of 2031183090.
2, 3, 5, 2111, 10691
What are the prime factors of 95476312?
2, 23, 518893
List the prime factors of 49462264.
2, 6182783
What are the prime factors of 363307549?
11, 33027959
What are the prime factors of 44792456?
2, 251, 22307
List the prime factors of 5945277.
3, 13, 152443
List the prime factors of 709964124.
2, 3, 457, 129461
What are the prime factors of 26818654?
2, 13409327
What are the prime factors of 675975867?
3, 7, 43, 748589
What are the prime factors of 229886885?
5, 149, 308573
What are the prime factors of 25150237?
7, 3592891
List the prime factors of 4385899078.
2, 11, 199359049
What are the prime factors of 26033684?
2, 6508421
What are the prime factors of 22132160?
2, 5, 69163
What are the prime factors of 1725579378?
2, 3, 151, 634871
List the prime factors of 513476272.
2, 32092267
What are the prime factors of 1433962896?
2, 3, 271, 110237
What are the prime factors of 52874071?
83, 139, 4583
What are the prime factors of 17351077?
29, 41, 14593
What are the prime factors of 8329089766?
2, 43, 96849881
What are the prime factors of 843096830?
2, 5, 84309683
List the prime factors of 783279915.
3, 5, 11, 67, 70853
List the prime factors of 782528983.
3517, 222499
List the prime factors of 12342765.
3, 5, 17, 97, 499
What are the prime factors of 348922949?
23, 31, 229, 2137
List the prime factors of 1631349200.
2, 5, 13, 313721
List the prime factors of 311008581.
3, 13, 2658193
List the prime factors of 30722619.
3, 661, 15493
What are the prime factors of 1444107029?
1444107029
List the prime factors of 33074813.
3923, 8431
List the prime factors of 283655674.
2, 19, 7464623
List the prime factors of 14303805.
3, 5, 83, 11489
What are the prime factors of 158663479?
13, 12204883
What are the prime factors of 1549813280?
2, 5, 19, 53, 9619
What are the prime factors of 45097341?
3, 15032447
List the prime factors of 680254337.
7, 17, 71, 80513
What are the prime factors of 454928574?
2, 3, 53, 1430593
What are the prime factors of 4048487916?
2, 3, 11, 17, 1804139
List the prime factors of 241030956.
2, 3, 677, 29669
What are the prime factors of 1635806835?
3, 5, 13, 359, 7789
List the prime factors of 257317791.
3, 85772597
What are the prime factors of 92312936?
2, 89, 317, 409
List the prime factors of 450875240.
2, 5, 53, 212677
What are the prime factors of 2587213030?
2, 5, 337, 443, 1733
List the prime factors of 3128738.
2, 1564369
What are the prime factors of 131406965?
5, 26281393
What are the prime factors of 38687237?
37, 61, 281
List the prime factors of 39177161.
71, 503, 1097
List the prime factors of 3081453446.
2, 1540726723
List the prime factors of 40822194.
2, 3, 7, 23, 6037
List the prime factors of 4172845968.
2, 3, 19, 1525163
List the prime factors of 94913734.
2, 47456867
What are the prime factors of 79303951?
29, 2734619
What are the prime factors of 50509582?
2, 25254791
What are the prime factors of 116704336?
2, 7, 31, 33613
What are the prime factors of 3524069606?
2, 39383, 44741
List the prime factors of 26783621.
26783621
List the prime factors of 74702464.
2, 583613
What are the prime factors of 9776457?
3, 137, 881
List the prime factors of 12468436.
2, 3117109
List the prime factors of 744297665.
5, 113, 659, 1999
List the prime factors of 25084559.
23, 163, 6691
What are the prime factors of 102507084?
2, 3, 61, 46679
What are the prime factors of 4836264138?
2, 3, 5179, 17293
What are the prime factors of 1154733647?
47, 24568801
List the prime factors of 549406872.
2, 3, 7, 43, 101, 251
What are the prime factors of 28075425?
3, 5, 7, 53, 1009
List the prime factors of 125011008.
2, 3, 217033
What are the prime factors of 46021883?
47, 979189
List the prime factors of 60401686.
2, 37, 816239
What are the prime factors of 47268748?
2, 107, 110441
What are the prime factors of 37683625?
5, 7, 43067
List the prime factors of 3936577619.
13, 109, 2778107
What are the prime factors of 1447610067?
3, 160845563
List the prime factors of 3609071349.
3, 13, 911, 101581
What are the prime factors of 42173466?
2, 3, 97, 233, 311
What are the prime factors of 31306479?
3, 10435493
What are the prime factors of 32546776?
2, 31, 263, 499
What are the prime factors of 398361122?
2, 2069, 96269
List the prime factors of 31951195.
5, 6390239
List the prime factors of 39626086.
2, 53, 541, 691
What are the prime factors of 703978211?
17, 4789, 8647
List the prime factors of 290771313.
3, 7, 23, 29, 20759
List the prime factors of 421701862.
2, 2161, 97571
List the prime factors of 95452594.
2, 547, 87251
What are the prime factors of 49867858